5. Give m(12).
61
Let h(w) = -6*w - 13. Determine h(-2).
-1
Let x(d) = d**3 + 12*d**2 + 14*d + 14. Determine x(-11).
-19
Let r(h) = -h**3 + 6*h**2 + 6*h + 7. Give r(7).
0
Let g(c) = -4*c**2 + c. Calculate g(1).
-3
Let y(i) = -2*i**2 + 10*i + 15. Give y(8).
-33
Let p(q) = q**2 - 14*q + 2. Calculate p(13).
-11
Let m(n) = -n**2 + 8*n + 1. Calculate m(8).
1
Let w(n) = -n**3 - 11*n**2 - 24*n - 16. What is w(-8)?
-16
Let d(h) = 2*h + 59. Determine d(-26).
7
Let r(f) = -130*f - 912. What is r(-7)?
-2
Let c(f) = f**3 - 9*f**2 + 6*f + 3. Give c(8).
-13
Let g(j) = j**2 + 13*j - 37. What is g(-15)?
-7
Let r(i) = 12*i + 15. Determine r(-4).
-33
Let l(w) = -31*w + 6. What is l(-2)?
68
Let q(j) = -4*j - 114. Determine q(-26).
-10
Let y(b) = 3*b**3 - b**2 - b + 2. What is y(1)?
3
Let b(v) = -v + 36. Give b(16).
20
Let j(z) = 27*z**2 + 5*z + 6. What is j(-1)?
28
Let c(q) = 6*q - 16. Determine c(1).
-10
Let o(i) = -i**2 + 4*i + 4. What is o(6)?
-8
Let n(t) = t**2 + 5*t - 3. Give n(-5).
-3
Let c(s) = s**3 + 5*s**2 - 2*s. Determine c(-5).
10
Let w(n) = -29*n - 32. Calculate w(-2).
26
Let b(u) = 3*u - 1. Determine b(3).
8
Let z(q) = q**2 + 15*q - 15. Calculate z(-12).
-51
Let t(d) = d**3 - 7*d**2 - d + 6. Calculate t(6).
-36
Let y(n) = -3*n + 7. What is y(0)?
7
Let i(h) = h**2 + 3*h + 3. Give i(0).
3
Let l(q) = -11*q - 77. Calculate l(-7).
0
Let s(x) = x**2 + 6*x + 6. Give s(-3).
-3
Let z(c) = 2*c**2 - 14*c - 15. What is z(-1)?
1
Let l(v) = v**3 - v**2 + 29. Determine l(0).
29
Let r(w) = w**3 - 6*w**2 + 5*w + 7. Give r(3).
-5
Let i(z) = -z**3 + 5*z**2 + z - 4. Give i(3).
17
Let w(a) = -a**3 + 9*a**2 - 4*a + 30. Calculate w(10).
-110
Let g(i) = 97*i + 398. What is g(-4)?
10
Let b(v) = 3*v**2 - 8*v + 50. What is b(8)?
178
Let a(h) = 3*h - 20. What is a(7)?
1
Let t(z) = 2*z**2 + 2*z + 3. Calculate t(-1).
3
Let x(h) = -2*h - 7. Give x(-7).
7
Let o(q) = -q**3 + 15*q**2 - 13*q - 14. Give o(14).
0
Let u(d) = -11*d + 16. What is u(2)?
-6
Let n(g) = 8*g + 45. Give n(-10).
-35
Let d(z) = -z**3 + 21*z**2 - 39*z + 23. What is d(19)?
4
Let z(h) = -h**3 - 12*h**2 + 14*h + 41. What is z(-13)?
28
Let b(s) = -s**2 - 17*s + 7. Determine b(-17).
7
Let o(g) = 3*g - 13. Determine o(5).
2
Let w(q) = q**2 + 13*q - 117. Calculate w(-19).
-3
Let a(m) = -m**2 - 15*m - 48. Give a(-9).
6
Let c(g) = 6*g + 26. Give c(-5).
-4
Let g(n) = -n + 10. Give g(12).
-2
Let k(h) = 3*h**2 + 2. Calculate k(-3).
29
Let n(v) = -2*v - 13. Give n(-10).
7
Let q(z) = -2*z**2 + 2*z - 1. Give q(4).
-25
Let m(f) = -f**2 - 6*f + 11. What is m(-7)?
4
Let x(u) = u**3 - 2*u**2 - 9*u + 27. What is x(3)?
9
Let v(t) = t**2 + 2*t - 9. Determine v(-8).
39
Let s(g) = g - 1. What is s(3)?
2
Let y(c) = -15*c + 2. Determine y(1).
-13
Let z(j) = -j**3 + 15*j + 7. Calculate z(-4).
11
Let p(c) = c + 20. Calculate p(-19).
1
Let q(g) = g**3 - 26*g**2 - g + 12. Determine q(26).
-14
Let v(j) = -j**2 + 2*j + 3. Determine v(-6).
-45
Let q(y) = y + 3. What is q(7)?
10
Let n(k) = -5*k**2 + 18*k + 3. Determine n(4).
-5
Let k(a) = -26*a + 1067. What is k(41)?
1
Let b(q) = q**3 + 8*q**2 + 4*q - 13. Give b(-7).
8
Let l(w) = -10*w - 12. Calculate l(-4).
28
Let f(u) = -9*u - 67. Calculate f(-11).
32
Let o(w) = -w**3 + 7*w**2 + 2*w - 5. What is o(8)?
-53
Let l(q) = 4*q + 151. Determine l(-37).
3
Let v(u) = -2*u**3 + 14*u**2 + 11*u + 4. Determine v(8).
-36
Let y(r) = r**3 + 6*r**2 + 8*r + 7. Determine y(-4).
7
Let t(i) = -8*i + 29. Give t(4).
-3
Let g(a) = 4*a - 9. Give g(3).
3
Let p(f) = f**2 - 33*f + 40. Determine p(32).
8
Let z(j) = 66*j**2 - 3*j + 2. Calculate z(1).
65
Let t(d) = -60*d - 250. What is t(-4)?
-10
Let r(s) = -s**3 + 14*s**2 - 2*s + 20. What is r(14)?
-8
Let u(k) = -k**2 + 6*k + 6. What is u(7)?
-1
Let c(l) = -4*l + 26. What is c(-7)?
54
Let w(o) = -o**2 - 5*o - 8. What is w(-3)?
-2
Let f(j) = -j**2 - 4. Calculate f(0).
-4
Let d(i) = 18*i - 118. Calculate d(6).
-10
Let y(l) = -37*l - 15. Determine y(-2).
59
Let s(o) = o**2 - 11*o - 5. What is s(13)?
21
Let t(m) = -133*m**2 - 3*m + 1. Give t(1).
-135
Let w(q) = 10*q + 37. Give w(17).
207
Let l(b) = -b**3 + 8*b**2 - 8*b + 4. Calculate l(7).
-3
Let m(k) = -k**2 + 14*k + 87. What is m(18)?
15
Let g(d) = 2*d - 29. Calculate g(13).
-3
Let i(d) = 5*d - 26. What is i(3)?
-11
Let d(j) = -6*j - 21. Determine d(-4).
3
Let g(c) = 4*c + 9. Calculate g(-3).
-3
Let q(n) = 15*n + 2. Calculate q(-2).
-28
Let i(a) = -16*a + 20. Determine i(2).
-12
Let v(c) = -4*c - 31. Determine v(-7).
-3
Let v(d) = 9*d - 1. Give v(-2).
-19
Let q(s) = -s**3 - 34*s**2 + s + 33. Determine q(-34).
-1
Let r(l) = -l**3 + 3*l**2 - 2*l - 45. Calculate r(0).
-45
Let b(k) = k - 11. Determine b(18).
7
Let q(d) = d**3 + d**2 - d + 4. Give q(-2).
2
Let k(z) = -z**2 + 22*z + 23. Give k(23).
0
Let z(t) = -25*t - 1. What is z(-1)?
24
Let o(a) = -14*a**2 + 224*a - 4. What is o(16)?
-4
Let l(j) = -j**3 + 2*j**2 + 5*j + 2. What is l(5)?
-48
Let m(d) = -d**2 - 12*d + 33. What is m(-15)?
-12
Let g(p) = -3*p + 10. Calculate g(11).
-23
Let g(y) = -32*y + 1024. Calculate g(32).
0
Let t(x) = -4*x + 11. Determine t(5).
-9
Let u(f) = 2*f - 7. What is u(-11)?
-29
Let j(d) = d**3 + 10*d**2 - d - 8. Give j(-10).
2
Let l(o) = -o - 24. Give l(0).
-24
Let h(u) = 5*u + 26. Determine h(-6).
-4
Let z(v) = -v**2 - v. Calculate z(3).
-12
Let d(s) = 3*s - 22. Give d(12).
14
Let w(k) = k**2 + 7*k - 35. Give w(-11).
9
Let k(m) = m + 19. Give k(-18).
1
Let q(p) = -3*p**2 - 204*p + 214. Give q(-69).
7
Let k(i) = -8*i**3 + i**2 + i. Give k(-1).
8
Let t(u) = 5*u - 23. Give t(-4).
-43
Let w(m) = 3*m**3 + m**2 + 4. Give w(2).
32
Let v(l) = 7*l**2 - 1. Determine v(-3).
62
Let r(n) = -5*n - 155. What is r(-33)?
10
Let d(s) = -25*s - 14. Determine d(7).
-189
Let s(g) = g**2 - 25*g + 63. Give s(3).
-3
Let k(v) = -2*v**2 + 10. Determine k(-3).
-8
Let a(f) = -8*f - 46. What is a(-5)?
-6
Let t(v) = v**3 - 5*v**2 + 5*v - 10. Give t(5).
15
Let x(u) = -11*u - 96. Give x(-10).
14
Let s(d) = -9*d**2 - 140*d + 57. Calculate s(-16).
-7
Let w(s) = -48*s + 477. Give w(10).
-3
Let q(r) = 2*r**2 - 15*r - 56. What is q(15)?
169
Let h(k) = k**2 - k - 2. Give h(-7).
54
Let r(y) = 21*y + 860. Give r(-42).
-22
Let c(l) = -l - 1. What is c(4)?
-5
Let s(j) = j**3 - 4*j**2 + j + 6. What is s(3)?
0
Let m(z) = -z**2 - 8*z + 10. What is m(-9)?
1
Let b(p) = p**3 - 2*p. Determine b(-2).
-4
Let f(y) = -y**3 - 7*y**2 - 50*y - 460. Determine f(-8).
4
Let z(s) = 6*s + 62. Calculate z(-9).
8
Let y(m) = m**3 - 13*m**2 - 33*m - 17. Calculate y(15).
-62
Let t(n) = -8*n - 6. Determine t(-6).
42
Let t(g) = -g**2 - 12*g - 19. Calculate t(-9).
8
Let m(q) = q - 2. Calculate m(9).
7
Let x(s) = 15*s + 88. What is x(-6)?
-2
Let t(x) = -x**3 + 15*x**2 + 6. Give t(15).
6
Let c(u) = 13*u + 327. Calculate c(-21).
54
Let p(g) = -g**3 + 6*g**2 + 4*g - 31. Determine p(6).
-7
Let n(b) = 4*b**2 - 2*b + 13. Determine n(-5).
123
Let w(k) = k**3 + 2*k**2 + k + 3. Calculate w(3).
51
Let h(z) = -z**3 - 6*z**2 + z + 13. What is h(-6)?
7
Let l(r) = r**2 + 17*r - 24. Give l(-19).
14
Let z(m) = 12*m - 14. What is z(3)?
22
Let z(c) = -3*c**3 - 16*c**2 + 4*c + 9. What is z(-5)?
-36
Let u(k) = 4*k - 105. What is u(25)?
-5
Let d(k) = 16*k + 58. What is d(-4)?
-6
Let m(f) = -f**3 - 18*f**2 - 17*f + 21. Determine m(-17).
21
Let l(d) = -2*d**2 + 3*d - 2. Determine l(-3).
-29
Let v(j) = -6*j - 2. Determine v(5).
-32
Let y(a) = 9*a - 20. Calculate y(-4).
-56
Let s(n) = 2*n + 15. Determine s(-4).
7
Let l(s) = -s**2 - 29*s + 12. Calculate l(-30).
-18
Let j(t) = -6*t + 29. Calculate j(-10).
89
Let z(c) = c**2 - 24*c + 91. Calculate z(6).
-17
Let c(g) = -g**3 - 3*g**2 + 10*g - 2. Determine c(-5).
-2
Let c(w) = -2*w**2 - 6*w + 12. What is c(5)?
-68
Let t(w) = 4*w**2 + 11*w + 6. Calculate t(-3).
9
Let g(h) = h**2 - 11*h - 4. Calculate g(12).
8
Let d(t) = 34*t - 17. Give d(6).
187
Let o(h) = h**3 + 9*h**2 - 4*h - 2. What is o(-9)?
34
Let b(f) = -f + 2. What is b(-1)?
3
Let r(l) = 10*l - 289. Calculate r(29).
1
Let d(f) = 3*f**2 + 29*f - 1. Calculate d(-9).
-19
Let t(l) = -l**2 - 7*l - 1. What is t(-6)?
5
Let s(p) = p - 13. Give s(10).
-3
Let u(y) = -3*y**2 + 2*y + 4. What is u(-2)?
-12
Let a(d) = -16*d + 33. What is a(2)?
1
Let j(r) = -2*r - 26. Give j(-15).
4
Let x(j) = 2*j**3 - 88*j**2 + j - 66. Give x(44).
-22
Let a(v) = v + 7. D